{"id":2464,"date":"2025-03-17T13:43:17","date_gmt":"2025-03-17T13:43:17","guid":{"rendered":"https:\/\/turismoaxarquiacostadelsol.com\/?post_type=que-hacer&#038;p=2464"},"modified":"2025-03-24T09:00:51","modified_gmt":"2025-03-24T09:00:51","slug":"la-tour","status":"publish","type":"que-hacer","link":"https:\/\/turismoaxarquiacostadelsol.com\/fr\/que-hacer\/el-torreon\/","title":{"rendered":"El Torre\u00f3n"},"content":{"rendered":"<p>Le site o\u00f9 se trouvait le grenier \u00e0 grains au milieu du 18e si\u00e8cle et qui est actuellement rattach\u00e9 \u00e0 une maison.<\/p>\n<p>Contrairement \u00e0 ce qui a \u00e9t\u00e9 suppos\u00e9 jusqu'\u00e0 pr\u00e9sent, il semble peu probable que son origine soit arabe, car le type de construction n'offre pas de parall\u00e8les architecturaux qui sugg\u00e9reraient une telle circonstance. Il pourrait plut\u00f4t s'agir d'une construction plus tardive, du type de celles qui se sont multipli\u00e9es au cours du XVIIIe si\u00e8cle pour servir de vigie afin de prot\u00e9ger la c\u00f4te contre la piraterie.<\/p>\n<p>Dans ce coin est install\u00e9 le vase avec le dessin \u00e9nigmatique repr\u00e9sentant les symboles des religions musulmane, juive et chr\u00e9tienne, qui a donn\u00e9 naissance au slogan du festival des 3 cultures de Frigiliana.<\/p>","protected":false},"featured_media":2472,"template":"","class_list":["post-2464","que-hacer","type-que-hacer","status-publish","has-post-thumbnail","hentry"],"_links":{"self":[{"href":"https:\/\/turismoaxarquiacostadelsol.com\/fr\/wp-json\/wp\/v2\/que-hacer\/2464","targetHints":{"allow":["GET"]}}],"collection":[{"href":"https:\/\/turismoaxarquiacostadelsol.com\/fr\/wp-json\/wp\/v2\/que-hacer"}],"about":[{"href":"https:\/\/turismoaxarquiacostadelsol.com\/fr\/wp-json\/wp\/v2\/types\/que-hacer"}],"wp:featuredmedia":[{"embeddable":true,"href":"https:\/\/turismoaxarquiacostadelsol.com\/fr\/wp-json\/wp\/v2\/media\/2472"}],"wp:attachment":[{"href":"https:\/\/turismoaxarquiacostadelsol.com\/fr\/wp-json\/wp\/v2\/media?parent=2464"}],"curies":[{"name":"wp","href":"https:\/\/api.w.org\/{rel}","templated":true}]}}

El Torreón

<p>Le site où se trouvait le grenier à grains au milieu du 18e siècle et qui est actuellement rattaché à une maison.</p>
<p>Contrairement à ce qui a été supposé jusqu'à présent, il semble peu probable que son origine soit arabe, car le type de construction n'offre pas de parallèles architecturaux qui suggéreraient une telle circonstance. Il pourrait plutôt s'agir d'une construction plus tardive, du type de celles qui se sont multipliées au cours du XVIIIe siècle pour servir de vigie afin de protéger la côte contre la piraterie.</p>
<p>Dans ce coin est installé le vase avec le dessin énigmatique représentant les symboles des religions musulmane, juive et chrétienne, qui a donné naissance au slogan du festival des 3 cultures de Frigiliana.</p>
