{"id":2714,"date":"2025-03-18T10:10:42","date_gmt":"2025-03-18T10:10:42","guid":{"rendered":"https:\/\/turismoaxarquiacostadelsol.com\/?post_type=que-hacer&#038;p=2714"},"modified":"2025-03-18T11:23:25","modified_gmt":"2025-03-18T11:23:25","slug":"balcon-de-leurope","status":"publish","type":"que-hacer","link":"https:\/\/turismoaxarquiacostadelsol.com\/fr\/que-hacer\/balcon-de-europa\/","title":{"rendered":"Le balcon de l'Europe"},"content":{"rendered":"<p>El Balc\u00f3n de Europa est situ\u00e9 sur une falaise, entre les plages de Calahonda et de La Caletilla, sur laquelle les Rois Catholiques ont ordonn\u00e9 la construction d'une forteresse au d\u00e9but du XVIe si\u00e8cle. Connue sous le nom de Castillo Bajo, elle avait pour mission de surveiller et de d\u00e9fendre le territoire jusqu'\u00e0 la guerre d'ind\u00e9pendance, o\u00f9 elle fut compl\u00e8tement d\u00e9truite par les Britanniques, en m\u00eame temps que La Torrecilla, dans le but de saper l'occupation fran\u00e7aise.<\/p>\n<p>L'espace occup\u00e9 par cette forteresse, ainsi que la promenade qui y m\u00e8ne, ont \u00e9t\u00e9 transform\u00e9s en un belv\u00e9d\u00e8re \u00e0 l'usage et au plaisir des habitants, qui est devenu depuis le XIXe si\u00e8cle un lieu de rencontre et de loisirs, ainsi qu'un lieu incontournable pour les touristes et les visiteurs.<\/p>","protected":false},"featured_media":2715,"template":"","class_list":["post-2714","que-hacer","type-que-hacer","status-publish","has-post-thumbnail","hentry"],"_links":{"self":[{"href":"https:\/\/turismoaxarquiacostadelsol.com\/fr\/wp-json\/wp\/v2\/que-hacer\/2714","targetHints":{"allow":["GET"]}}],"collection":[{"href":"https:\/\/turismoaxarquiacostadelsol.com\/fr\/wp-json\/wp\/v2\/que-hacer"}],"about":[{"href":"https:\/\/turismoaxarquiacostadelsol.com\/fr\/wp-json\/wp\/v2\/types\/que-hacer"}],"wp:featuredmedia":[{"embeddable":true,"href":"https:\/\/turismoaxarquiacostadelsol.com\/fr\/wp-json\/wp\/v2\/media\/2715"}],"wp:attachment":[{"href":"https:\/\/turismoaxarquiacostadelsol.com\/fr\/wp-json\/wp\/v2\/media?parent=2714"}],"curies":[{"name":"wp","href":"https:\/\/api.w.org\/{rel}","templated":true}]}}

<p>El Balcón de Europa est situé sur une falaise, entre les plages de Calahonda et de La Caletilla, sur laquelle les Rois Catholiques ont ordonné la construction d'une forteresse au début du XVIe siècle. Connue sous le nom de Castillo Bajo, elle avait pour mission de surveiller et de défendre le territoire jusqu'à la guerre d'indépendance, où elle fut complètement détruite par les Britanniques, en même temps que La Torrecilla, dans le but de saper l'occupation française.</p>
<p>L'espace occupé par cette forteresse, ainsi que la promenade qui y mène, ont été transformés en un belvédère à l'usage et au plaisir des habitants, qui est devenu depuis le XIXe siècle un lieu de rencontre et de loisirs, ainsi qu'un lieu incontournable pour les touristes et les visiteurs.</p>
